{"id":14,"date":"2018-08-27T12:18:06","date_gmt":"2018-08-27T12:18:06","guid":{"rendered":"http:\/\/mariuslasinskas.lt\/index.php\/testimonials\/"},"modified":"2021-11-07T14:41:54","modified_gmt":"2021-11-07T14:41:54","slug":"straipsniai","status":"publish","type":"page","link":"https:\/\/mariuslasinskas.lt\/index.php\/straipsniai\/","title":{"rendered":"\u012era\u0161ai"},"content":{"rendered":"\n<h2 class=\"wp-block-heading\">Knygos &#8220;Vaista\u017eoli\u0173 pasakos. Ir sveikatos receptai visai \u0161eimai&#8221; \u012fra\u0161ai:<\/h2>\n\n\n\n<p><strong>Knygel\u0117s maldeles \u012fgarsino Gaja Lasinskait\u0117 (6m.):<\/strong><\/p>\n\n\n\n<ul class=\"wp-block-list\"><li>A\u010di\u016b Tau, saulele:<\/li><\/ul>\n\n\n\n<figure class=\"wp-block-audio\"><audio controls src=\"http:\/\/mariuslasinskas.lt\/wp-content\/uploads\/2021\/11\/Aciu-Tau.m4a\"><\/audio><\/figure>\n\n\n\n<ul class=\"wp-block-list\"><li>Pasaka, pasak\u0117le, ateik nors minut\u0117l\u0119:<\/li><\/ul>\n\n\n\n<figure class=\"wp-block-audio\"><audio controls src=\"http:\/\/mariuslasinskas.lt\/wp-content\/uploads\/2021\/11\/Pasaka-pasakele.m4a\"><\/audio><\/figure>\n\n\n\n<ul class=\"wp-block-list\"><li>Angel\u0117li Sargu\u017e\u0117li:<\/li><\/ul>\n\n\n\n<figure class=\"wp-block-audio\"><audio controls src=\"http:\/\/mariuslasinskas.lt\/wp-content\/uploads\/2021\/11\/Angeleli-sarguzeli.m4a\"><\/audio><\/figure>\n\n\n\n<ul class=\"wp-block-list\"><li>Angele Sarge, man paskirtasis:<\/li><\/ul>\n\n\n\n<figure class=\"wp-block-audio\"><audio controls src=\"http:\/\/mariuslasinskas.lt\/wp-content\/uploads\/2021\/11\/Angele-sarge.m4a\"><\/audio><\/figure>\n\n\n\n<p><strong>Vaista\u017eoli\u0173 \u012fra\u0161ai:<\/strong><\/p>\n\n\n\n<ul class=\"wp-block-list\"><li>Notrel\u0117s ir Dilg\u0117l\u0117s susitikimas:<\/li><\/ul>\n\n\n\n<figure class=\"wp-block-video\"><video height=\"1080\" style=\"aspect-ratio: 1920 \/ 1080;\" width=\"1920\" controls src=\"http:\/\/mariuslasinskas.lt\/wp-content\/uploads\/2021\/11\/MVI_7735.mp4\"><\/video><\/figure>\n\n\n\n<ul class=\"wp-block-list\"><li>\u012evairios vaista\u017eol\u0117s: \u0161ermuk\u0161nis, notrel\u0117, kiaulpien\u0117&#8230;<\/li><\/ul>\n\n\n\n<figure class=\"wp-block-video\"><video height=\"1080\" style=\"aspect-ratio: 1920 \/ 1080;\" width=\"1920\" controls src=\"http:\/\/mariuslasinskas.lt\/wp-content\/uploads\/2021\/11\/MVI_7736.mp4\"><\/video><\/figure>\n\n\n\n<figure class=\"wp-block-video\"><\/figure>\n\n\n\n<h2 class=\"wp-block-heading\">Kiti mano \u012fra\u0161ai:<\/h2>\n\n\n\n<p><\/p>\n\n\n\n<p>Pokalbis apie augalus ir sveikat\u0105 laidoje &#8220;7 Kauno dienos&#8221;:<\/p>\n\n\n\n<figure class=\"wp-block-embed is-type-video is-provider-youtube wp-block-embed-youtube wp-embed-aspect-16-9 wp-has-aspect-ratio\"><div class=\"wp-block-embed__wrapper\">\n<iframe loading=\"lazy\" title=\"Pokalbis 450: Marius Lasinskas\" width=\"760\" height=\"428\" src=\"https:\/\/www.youtube.com\/embed\/ORoqcX3CCKs?feature=oembed\" frameborder=\"0\" allow=\"accelerometer; autoplay; clipboard-write; encrypted-media; gyroscope; picture-in-picture\" allowfullscreen><\/iframe>\n<\/div><\/figure>\n\n\n\n<p>O \u010dia straipsnis Delfi.lt Sveikata:<\/p>\n\n\n\n<p><a href=\"https:\/\/www.delfi.lt\/sveikata\/sveikas-kunas\/zolininkas-nepraeikite-pro-pavasarinius-augalus-pades-visam-organizmui.d?id=86668547&amp;fbclid=IwAR1Sme0teBUcMGgOuKS3fCBIb8KkSMsnlTqJTTbFakCCFZyS0t12VeWdodI\">\u017dolininkas: nepraeikite pro pavasarinius augalus \u2013 pad\u0117s visam organizmui &#8211; DELFI Sveikata<\/a><\/p>\n\n\n\n<p><\/p>\n\n\n\n<p><strong>Puiki LRT laida apie tai, kaip pagerinti savo mieg\u0105<\/strong><\/p>\n\n\n\n<p><a href=\"https:\/\/www.lrt.lt\/mediateka\/irasas\/2000148448\/dokumentinis-filmas-susigrazinti-miega\">https:\/\/www.lrt.lt\/mediateka\/irasas\/2000148448\/dokumentinis-filmas-susigrazinti-miega<\/a><\/p>\n\n\n\n<div class=\"wp-block-media-text alignwide is-stacked-on-mobile\"><figure class=\"wp-block-media-text__media\"><video controls src=\"blob:https:\/\/mariuslasinskas.lt\/dfa89f79-0125-415e-97d1-30c2377bc4b1\"><\/video><\/figure><div class=\"wp-block-media-text__content\">\n<p class=\"has-large-font-size\"><\/p>\n<\/div><\/div>\n","protected":false},"excerpt":{"rendered":"<p>Knygos &#8220;Vaista\u017eoli\u0173 pasakos. Ir sveikatos receptai visai \u0161eimai&#8221; \u012fra\u0161ai: Knygel\u0117s maldeles \u012fgarsino Gaja Lasinskait\u0117 (6m.): A\u010di\u016b Tau, saulele: Pasaka, pasak\u0117le, ateik nors minut\u0117l\u0119: Angel\u0117li Sargu\u017e\u0117li: Angele Sarge, man paskirtasis: Vaista\u017eoli\u0173 \u012fra\u0161ai: Notrel\u0117s ir Dilg\u0117l\u0117s susitikimas: \u012evairios vaista\u017eol\u0117s: \u0161ermuk\u0161nis, notrel\u0117, kiaulpien\u0117&#8230; Kiti mano \u012fra\u0161ai: Pokalbis&#8230;<\/p>\n","protected":false},"author":1,"featured_media":348,"parent":0,"menu_order":0,"comment_status":"closed","ping_status":"closed","template":"","meta":{"spay_email":"","footnotes":""},"class_list":["post-14","page","type-page","status-publish","has-post-thumbnail","hentry"],"_links":{"self":[{"href":"https:\/\/mariuslasinskas.lt\/index.php\/wp-json\/wp\/v2\/pages\/14","targetHints":{"allow":["GET"]}}],"collection":[{"href":"https:\/\/mariuslasinskas.lt\/index.php\/wp-json\/wp\/v2\/pages"}],"about":[{"href":"https:\/\/mariuslasinskas.lt\/index.php\/wp-json\/wp\/v2\/types\/page"}],"author":[{"embeddable":true,"href":"https:\/\/mariuslasinskas.lt\/index.php\/wp-json\/wp\/v2\/users\/1"}],"replies":[{"embeddable":true,"href":"https:\/\/mariuslasinskas.lt\/index.php\/wp-json\/wp\/v2\/comments?post=14"}],"version-history":[{"count":13,"href":"https:\/\/mariuslasinskas.lt\/index.php\/wp-json\/wp\/v2\/pages\/14\/revisions"}],"predecessor-version":[{"id":614,"href":"https:\/\/mariuslasinskas.lt\/index.php\/wp-json\/wp\/v2\/pages\/14\/revisions\/614"}],"wp:featuredmedia":[{"embeddable":true,"href":"https:\/\/mariuslasinskas.lt\/index.php\/wp-json\/wp\/v2\/media\/348"}],"wp:attachment":[{"href":"https:\/\/mariuslasinskas.lt\/index.php\/wp-json\/wp\/v2\/media?parent=14"}],"curies":[{"name":"wp","href":"https:\/\/api.w.org\/{rel}","templated":true}]}}