{"id":10,"date":"2018-08-27T12:16:33","date_gmt":"2018-08-27T12:16:33","guid":{"rendered":"http:\/\/mariuslasinskas.lt\/index.php\/services\/"},"modified":"2022-12-16T13:47:15","modified_gmt":"2022-12-16T13:47:15","slug":"services","status":"publish","type":"page","link":"https:\/\/mariuslasinskas.lt\/index.php\/services\/","title":{"rendered":"Mano knygos"},"content":{"rendered":"\n<p>Antroji mano knyga &#8220;Vaista\u017eoli\u0173 pasakos. Ir sveikatos receptai visai \u0161eimai&#8221;<\/p>\n\n\n\n<div class=\"wp-block-jetpack-tiled-gallery aligncenter is-style-rectangular\"><div class=\"tiled-gallery__gallery\"><div class=\"tiled-gallery__row\"><div class=\"tiled-gallery__col\" style=\"flex-basis:34.743229499016145%\"><figure class=\"tiled-gallery__item\"><img decoding=\"async\" srcset=\"https:\/\/i1.wp.com\/mariuslasinskas.lt\/wp-content\/uploads\/2021\/11\/Virselis-1-scaled.jpg?strip=info&#038;w=600&#038;ssl=1 600w,https:\/\/i1.wp.com\/mariuslasinskas.lt\/wp-content\/uploads\/2021\/11\/Virselis-1-scaled.jpg?strip=info&#038;w=900&#038;ssl=1 900w,https:\/\/i1.wp.com\/mariuslasinskas.lt\/wp-content\/uploads\/2021\/11\/Virselis-1-scaled.jpg?strip=info&#038;w=1200&#038;ssl=1 1200w,https:\/\/i1.wp.com\/mariuslasinskas.lt\/wp-content\/uploads\/2021\/11\/Virselis-1-scaled.jpg?strip=info&#038;w=1500&#038;ssl=1 1500w,https:\/\/i1.wp.com\/mariuslasinskas.lt\/wp-content\/uploads\/2021\/11\/Virselis-1-scaled.jpg?strip=info&#038;w=1800&#038;ssl=1 1800w,https:\/\/i1.wp.com\/mariuslasinskas.lt\/wp-content\/uploads\/2021\/11\/Virselis-1-scaled.jpg?strip=info&#038;w=2000&#038;ssl=1 2000w\" alt=\"\" data-height=\"2560\" data-id=\"618\" data-link=\"https:\/\/mariuslasinskas.lt\/index.php\/services\/virselis-1\/\" data-url=\"https:\/\/mariuslasinskas.lt\/wp-content\/uploads\/2021\/11\/Virselis-1-scaled.jpg\" data-width=\"2348\" src=\"https:\/\/i1.wp.com\/mariuslasinskas.lt\/wp-content\/uploads\/2021\/11\/Virselis-1-scaled.jpg?ssl=1\" layout=\"responsive\"\/><\/figure><figure class=\"tiled-gallery__item\"><img decoding=\"async\" srcset=\"https:\/\/i1.wp.com\/mariuslasinskas.lt\/wp-content\/uploads\/2021\/11\/Turinys-scaled.jpg?strip=info&#038;w=600&#038;ssl=1 600w,https:\/\/i1.wp.com\/mariuslasinskas.lt\/wp-content\/uploads\/2021\/11\/Turinys-scaled.jpg?strip=info&#038;w=900&#038;ssl=1 900w,https:\/\/i1.wp.com\/mariuslasinskas.lt\/wp-content\/uploads\/2021\/11\/Turinys-scaled.jpg?strip=info&#038;w=1200&#038;ssl=1 1200w,https:\/\/i1.wp.com\/mariuslasinskas.lt\/wp-content\/uploads\/2021\/11\/Turinys-scaled.jpg?strip=info&#038;w=1500&#038;ssl=1 1500w,https:\/\/i1.wp.com\/mariuslasinskas.lt\/wp-content\/uploads\/2021\/11\/Turinys-scaled.jpg?strip=info&#038;w=1800&#038;ssl=1 1800w,https:\/\/i1.wp.com\/mariuslasinskas.lt\/wp-content\/uploads\/2021\/11\/Turinys-scaled.jpg?strip=info&#038;w=2000&#038;ssl=1 2000w\" alt=\"\" data-height=\"2560\" data-id=\"620\" data-link=\"https:\/\/mariuslasinskas.lt\/index.php\/services\/turinys-2\/\" data-url=\"https:\/\/mariuslasinskas.lt\/wp-content\/uploads\/2021\/11\/Turinys-scaled.jpg\" data-width=\"2353\" src=\"https:\/\/i1.wp.com\/mariuslasinskas.lt\/wp-content\/uploads\/2021\/11\/Turinys-scaled.jpg?ssl=1\" layout=\"responsive\"\/><\/figure><\/div><div class=\"tiled-gallery__col\" style=\"flex-basis:65.25677050098385%\"><figure class=\"tiled-gallery__item\"><img decoding=\"async\" srcset=\"https:\/\/i0.wp.com\/mariuslasinskas.lt\/wp-content\/uploads\/2021\/11\/Nugarele-scaled.jpg?strip=info&#038;w=600&#038;ssl=1 600w,https:\/\/i0.wp.com\/mariuslasinskas.lt\/wp-content\/uploads\/2021\/11\/Nugarele-scaled.jpg?strip=info&#038;w=900&#038;ssl=1 900w,https:\/\/i0.wp.com\/mariuslasinskas.lt\/wp-content\/uploads\/2021\/11\/Nugarele-scaled.jpg?strip=info&#038;w=1200&#038;ssl=1 1200w,https:\/\/i0.wp.com\/mariuslasinskas.lt\/wp-content\/uploads\/2021\/11\/Nugarele-scaled.jpg?strip=info&#038;w=1500&#038;ssl=1 1500w,https:\/\/i0.wp.com\/mariuslasinskas.lt\/wp-content\/uploads\/2021\/11\/Nugarele-scaled.jpg?strip=info&#038;w=1800&#038;ssl=1 1800w,https:\/\/i0.wp.com\/mariuslasinskas.lt\/wp-content\/uploads\/2021\/11\/Nugarele-scaled.jpg?strip=info&#038;w=2000&#038;ssl=1 2000w\" alt=\"\" data-height=\"2560\" data-id=\"617\" data-link=\"https:\/\/mariuslasinskas.lt\/index.php\/services\/nugarele\/\" data-url=\"https:\/\/mariuslasinskas.lt\/wp-content\/uploads\/2021\/11\/Nugarele-scaled.jpg\" data-width=\"2199\" src=\"https:\/\/i0.wp.com\/mariuslasinskas.lt\/wp-content\/uploads\/2021\/11\/Nugarele-scaled.jpg?ssl=1\" layout=\"responsive\"\/><\/figure><\/div><\/div><\/div><\/div>\n\n\n\n<p>Knyg\u0105 &#8220;Vaista\u017eoli\u0173 pasakos. Ir sveikatos receptai visai \u0161eimai&#8221; galite \u012fsigyti:<\/p>\n\n\n\n<ul class=\"wp-block-list\">\n<li>Vagos, Pegaso ir kitose knygynuose.<\/li>\n\n\n\n<li> Internete:<\/li>\n\n\n\n<li><a href=\"https:\/\/www.knygos.lt\/lt\/knygos\/vaistazoliu-pasakos\/\">Vaista\u017eoli\u0173 pasakos. Ir sveikatos receptai visai \u0161eima.. (knygos.lt)<\/a><\/li>\n\n\n\n<li><a href=\"https:\/\/www.patogupirkti.lt\/catalogsearch\/result\/?order=relevance&amp;dir=desc&amp;q=vaista%C5%BEoli%C5%B3+pasakos\">Paie\u0161kos rezultatai: &#8216;vaista\u017eoli\u0173 pasakos&#8217; | Patogupirkti.lt<\/a><\/li>\n\n\n\n<li><a href=\"https:\/\/parapharm.lt\/produktas\/marius-lasinskas-vaistazoliu-pasakos\/\">Marius Lasinskas Vaista\u017eoli\u0173 pasakos &#8211; Parapharm vaistin\u0117<\/a><\/li>\n<\/ul>\n\n\n\n<ul class=\"wp-block-list\">\n<li>Pirmoji mano knyga &#8220;Vaikai <em>v<\/em>aista\u017eoli\u0173 pasaulyje&#8221;<\/li>\n<\/ul>\n\n\n\n<div class=\"wp-block-columns is-layout-flex wp-container-core-columns-is-layout-9d6595d7 wp-block-columns-is-layout-flex\">\n<div class=\"wp-block-column is-layout-flow wp-block-column-is-layout-flow\" style=\"flex-basis:100%\">\n<figure class=\"wp-block-image size-large is-resized\"><img loading=\"lazy\" decoding=\"async\" src=\"http:\/\/mariuslasinskas.lt\/wp-content\/uploads\/2021\/03\/Vaikai-vaistazoliu-pasaulyje.jpg\" alt=\"\" class=\"wp-image-581\" width=\"432\" height=\"593\"\/><\/figure>\n\n\n\n<figure class=\"wp-block-image size-large is-resized\"><img loading=\"lazy\" decoding=\"async\" src=\"http:\/\/mariuslasinskas.lt\/wp-content\/uploads\/2021\/01\/Knyga-nugarele-skenuota.jpg\" alt=\"\" class=\"wp-image-364\" width=\"430\" height=\"589\"\/><\/figure>\n\n\n\n<p>Knyg\u0105 &#8220;Vaikai vaista\u017eoli\u0173 pasaulyje&#8221; galite \u012fsigyti:<\/p>\n\n\n\n<ul class=\"wp-block-list\">\n<li>Vagos, Pegaso ir kitose knygynuose.<\/li>\n\n\n\n<li>Internete:\n<ul class=\"wp-block-list\">\n<li><a href=\"https:\/\/parapharm.lt\/produktas\/marius-lasinskas-vaikai-vaistazoliu-pasaulyje\/\">Marius Lasinskas &#8220;Vaikai vaista\u017eoli\u0173 pasaulyje&#8221; Parapharm vaistin\u0117<\/a><\/li>\n\n\n\n<li><a href=\"https:\/\/www.patogupirkti.lt\/knyga\/vaikai-vaistazoliu-pasaulyje.html\">Vaikai vaista\u017eoli\u0173 pasaulyje &#8211; Marius Lasinskas | Patogupirkti.lt<\/a><\/li>\n<\/ul>\n<\/li>\n<\/ul>\n\n\n\n<p class=\"has-text-align-justify\">Jeigu norite \u012fsigyti kelet\u0105 knyg\u0173 ar didmena, arba tiesiog norite padovanoti knyg\u0105 su mano palink\u0117jimu konkre\u010diam \u017emogui, tuomet para\u0161ykite man ir a\u0161 jums atsi\u0173siu pa\u0161tomatu ar j\u016bs\u0173 nurodytu adresu pa\u0161tu.<\/p>\n<\/div>\n<\/div>\n\n\n\n<p class=\"has-text-align-center\"><\/p>\n","protected":false},"excerpt":{"rendered":"<p>Antroji mano knyga &#8220;Vaista\u017eoli\u0173 pasakos. Ir sveikatos receptai visai \u0161eimai&#8221; Knyg\u0105 &#8220;Vaista\u017eoli\u0173 pasakos. Ir sveikatos receptai visai \u0161eimai&#8221; galite \u012fsigyti: Knyg\u0105 &#8220;Vaikai vaista\u017eoli\u0173 pasaulyje&#8221; galite \u012fsigyti: Jeigu norite \u012fsigyti kelet\u0105 knyg\u0173 ar didmena, arba tiesiog norite padovanoti knyg\u0105 su mano palink\u0117jimu konkre\u010diam \u017emogui, tuomet&#8230;<\/p>\n","protected":false},"author":1,"featured_media":0,"parent":0,"menu_order":0,"comment_status":"closed","ping_status":"closed","template":"","meta":{"spay_email":"","footnotes":""},"class_list":["post-10","page","type-page","status-publish","hentry"],"_links":{"self":[{"href":"https:\/\/mariuslasinskas.lt\/index.php\/wp-json\/wp\/v2\/pages\/10","targetHints":{"allow":["GET"]}}],"collection":[{"href":"https:\/\/mariuslasinskas.lt\/index.php\/wp-json\/wp\/v2\/pages"}],"about":[{"href":"https:\/\/mariuslasinskas.lt\/index.php\/wp-json\/wp\/v2\/types\/page"}],"author":[{"embeddable":true,"href":"https:\/\/mariuslasinskas.lt\/index.php\/wp-json\/wp\/v2\/users\/1"}],"replies":[{"embeddable":true,"href":"https:\/\/mariuslasinskas.lt\/index.php\/wp-json\/wp\/v2\/comments?post=10"}],"version-history":[{"count":17,"href":"https:\/\/mariuslasinskas.lt\/index.php\/wp-json\/wp\/v2\/pages\/10\/revisions"}],"predecessor-version":[{"id":635,"href":"https:\/\/mariuslasinskas.lt\/index.php\/wp-json\/wp\/v2\/pages\/10\/revisions\/635"}],"wp:attachment":[{"href":"https:\/\/mariuslasinskas.lt\/index.php\/wp-json\/wp\/v2\/media?parent=10"}],"curies":[{"name":"wp","href":"https:\/\/api.w.org\/{rel}","templated":true}]}}